{"id":929,"date":"2024-04-02T11:34:37","date_gmt":"2024-04-02T09:34:37","guid":{"rendered":"https:\/\/www.gavahabitatge.cat\/?page_id=929"},"modified":"2025-06-04T14:12:18","modified_gmt":"2025-06-04T12:12:18","slug":"promocion-de-viviendas","status":"publish","type":"page","link":"https:\/\/www.gavahabitatge.cat\/es\/vivienda-en-gava\/promocion-de-viviendas\/","title":{"rendered":"Promoci\u00f3n de viviendas"},"content":{"rendered":"<h2>Servicio Municipal de Vivienda<\/h2>\n<p>Ampliaci\u00f3n de vivienda asequible y social en Gav\u00e0, impulsada por el Instituto Metropolitano de Promoci\u00f3n de Suelo y Gesti\u00f3n Patrimonial (IMPSOL). Se quiere priorizar a las personas residentes de Gav\u00e0, que han tenido que establecerse fuera del municipio y quieren volver, o bien que trabajan en una empresa de Gav\u00e0.<\/p>\n<p>&nbsp;<\/p>\n<h2>Promoci\u00f3n de viviendas sociales Sector B2<\/h2>\n<p>En breve, se realizar\u00e1 el sorteo de las viviendas de alquiler para optar a una de las viviendas de la segunda promoci\u00f3n p\u00fablica del barrio de Can Ribes.Esta promoci\u00f3n constar\u00e1 de 136 viviendas, 73 ser\u00e1n de venta y 63 de alquiler, con tipolog\u00edas de viviendas de 3, 2 y 1 dormitorios. La nueva promoci\u00f3n de viviendas protegidas de Can Ribes de Gav\u00e0 se est\u00e1 construyendo en torno a un gran espacio verde interior permeable que fomenta la continuidad biol\u00f3gica y l\u00fadica entre la sierra de Les Ferreres y el Parque Agrario del Baix Llobregat y preserva el patrimonio natural y paisaj\u00edstico.<\/p>\n<p>&nbsp;<\/p>\n<p><img decoding=\"async\" class=\"lazyload alignnone size-full wp-image-925\" src=\"https:\/\/www.gavahabitatge.cat\/wp-content\/uploads\/2025\/01\/ribes-1-b.jpg\" data-orig-src=\"https:\/\/www.gavahabitatge.cat\/wp-content\/uploads\/2025\/01\/ribes-1-b.jpg\" alt=\"\" width=\"800\" height=\"533\" srcset=\"data:image\/svg+xml,%3Csvg%20xmlns%3D%27http%3A%2F%2Fwww.w3.org%2F2000%2Fsvg%27%20width%3D%27800%27%20height%3D%27533%27%20viewBox%3D%270%200%20800%20533%27%3E%3Crect%20width%3D%27800%27%20height%3D%27533%27%20fill-opacity%3D%220%22%2F%3E%3C%2Fsvg%3E\" data-srcset=\"https:\/\/www.gavahabitatge.cat\/wp-content\/uploads\/2025\/01\/ribes-1-b-200x133.jpg 200w, https:\/\/www.gavahabitatge.cat\/wp-content\/uploads\/2025\/01\/ribes-1-b-300x200.jpg 300w, https:\/\/www.gavahabitatge.cat\/wp-content\/uploads\/2025\/01\/ribes-1-b-400x267.jpg 400w, https:\/\/www.gavahabitatge.cat\/wp-content\/uploads\/2025\/01\/ribes-1-b-600x400.jpg 600w, https:\/\/www.gavahabitatge.cat\/wp-content\/uploads\/2025\/01\/ribes-1-b-768x512.jpg 768w, https:\/\/www.gavahabitatge.cat\/wp-content\/uploads\/2025\/01\/ribes-1-b.jpg 800w\" data-sizes=\"auto\" data-orig-sizes=\"(max-width: 800px) 100vw, 800px\" \/><\/p>\n<p>&nbsp;<\/p>\n<p>Las viviendas se distribuyen en cinco plantas: 64 de tres dormitorios, 64 de dos dormitorios y 8 de un dormitorio. La planta baja se destina a viviendas y local comercial de 840 m2 \u00fatiles.\u00a0La promoci\u00f3n incorpora estrategias ambientales innovadoras que le permiten tener una calificaci\u00f3n energ\u00e9tica A en emisiones. Entre estas estrategias destaca la reducci\u00f3n de la demanda de energ\u00eda en las viviendas (incrementando los aislamientos y favoreciendo la ventilaci\u00f3n cruzada), el uso de instalaciones de alta eficiencia energ\u00e9tica (con aerotermia) para la calefacci\u00f3n mediante suelo radiante y producci\u00f3n de agua caliente, la recogida de aguas de lluvia para el riego o el aprovechamiento de la inercia propia del tipo constructivo.<\/p>\n<p>Tambi\u00e9n se ha reducido la excavaci\u00f3n y el impacto natural con un \u00fanico s\u00f3tano que no sobresale de la proyecci\u00f3n del edificio y que acoge las 136 plazas de aparcamiento que requiere la normativa, y con la incorporaci\u00f3n de productos con garant\u00eda de calidad ambiental, tales como la madera.<\/p>\n<p>El procedimiento para optar a una de las viviendas var\u00eda en funci\u00f3n de si es de compra o alquiler, pero en ambos casos es indispensable estar inscrito en el\u00a0<a href=\"https:\/\/www.registresolicitants.cat\/registre\/\" target=\"_blank\" rel=\"noopener\">Registro de Solicitantes de Vivienda con Protecci\u00f3n Oficial de la Generalitat<\/a>\u00a0con resoluci\u00f3n positiva y vigente.<\/p>\n<p>&nbsp;<\/p>\n<h3>Viviendas\u00a0de compra<\/h3>\n<p>Quien quiera optar a una vivienda de compra debe haber presentado su solicitud y documentaci\u00f3n requerida dentro del plazo que finaliz\u00f3 el d\u00eda 30 de mayo de 2022.Para consultar m\u00e1s informaci\u00f3n y documentos relacionados puede acceder a la web: <a href=\"https:\/\/www.amb.cat\/es\/web\/habitatge\/impsol\/cercador\/-\/habitatge\/ufYg9gOTMSO6\/detall\/150\" target=\"_blank\" rel=\"noopener\">B2 &#8211; CAN RIBES &#8211; VENTA<\/a><\/p>\n<p>Precio de vivienda de tipolog\u00eda de compra: <a href=\"https:\/\/www.gavahabitatge.cat\/wp-content\/uploads\/2025\/06\/IMPSOL_compra-edit.pdf\">Precio vivienda de compra.<\/a><\/p>\n<p>&nbsp;<\/p>\n<h3>Viviendas de alquiler<\/h3>\n<p>Las personas que hayan escogido la modalidad de alquiler han accedido directamente al sorteo sin haber presentado ninguna solicitud. S\u00ed que es indispensable estar inscrito en el Registro de Solicitantes de Vivienda con Protecci\u00f3n Oficial de la Generalitat con resoluci\u00f3n positiva y vigente.<\/p>\n<p>Para consultar m\u00e1s informaci\u00f3n y documentos relacionados puede acceder a la web: <a href=\"https:\/\/www.amb.cat\/web\/habitatge\/impsol\/cercador\/-\/habitatge\/ufYg9gOTMSO6\/detall\/177\" target=\"_blank\" rel=\"noopener\">B2 &#8211; CAN RIBES &#8211; ALQUILER<\/a><\/p>\n<p>Precio de vivienda de tipolog\u00eda de alquiler: <a href=\"https:\/\/www.gavaciutat.cat\/documents\/20142\/497205\/IMPSOL_lloguer.pdf\/20b301ce-1a11-af04-725f-801881ff39df\" target=\"_blank\" rel=\"noopener\">Precios viviendas de alquiler<\/a><\/p>\n<p>Ya se puede consultar el listado definitivo de admitidos como solicitantes para viviendas en modalidad de alquiler en el siguiente documento, as\u00ed como el n\u00famero de sorteo asignado a cada uno: <a href=\"https:\/\/cercadorhabitatges.amb.cat\/Arxius\/Documents\/Promocio\/177\/4c33976e-a467-4abc-a643-ab9f33a7a608.pdf\" target=\"_blank\" rel=\"noopener\">Llistat definitiu de sol\u00b7licitants admesos lloguer can ribes B2<\/a>.<\/p>\n<p>&nbsp;<\/p>\n<p>Ya se puede consultar el <strong>resultado del sorteo<\/strong> celebrado el d\u00eda <strong>19 de julio de 2022<\/strong> que establece el <strong>orden de elecci\u00f3n<\/strong> para la adjudicaci\u00f3n de las viviendas en venta y alquiler del Sector B2 Can Ribes:<\/p>\n<ul>\n<li><a href=\"https:\/\/cercadorhabitatges.amb.cat\/Arxius\/Documents\/Promocio\/150\/c792fbb7-df02-45e8-aede-1423d105e5ee.pdf\" target=\"_blank\" rel=\"noopener\">Resultado sorteo B2 &#8211; Venta<\/a><\/li>\n<li><a href=\"https:\/\/cercadorhabitatges.amb.cat\/Arxius\/Documents\/Promocio\/177\/18aba7d2-ee83-4609-811e-36664b6cc80c.pdf\" target=\"_blank\" rel=\"noopener\">Resultado sorteo B2 &#8211; Alquiler<\/a><\/li>\n<\/ul>\n","protected":false},"excerpt":{"rendered":"<p>Servicio Municipal de Vivienda Ampliaci\u00f3n de vivienda asequible y social <a href=\"https:\/\/www.gavahabitatge.cat\/es\/vivienda-en-gava\/promocion-de-viviendas\/\"><\/p>\n<div id=\"ves-hi\">Llegir m\u00e9s<\/div>\n<p><\/a><\/p>\n","protected":false},"author":1,"featured_media":1566,"parent":886,"menu_order":0,"comment_status":"closed","ping_status":"closed","template":"100-width.php","meta":{"_acf_changed":false,"footnotes":""},"class_list":["post-929","page","type-page","status-publish","has-post-thumbnail","hentry"],"acf":[],"_links":{"self":[{"href":"https:\/\/www.gavahabitatge.cat\/es\/wp-json\/wp\/v2\/pages\/929","targetHints":{"allow":["GET"]}}],"collection":[{"href":"https:\/\/www.gavahabitatge.cat\/es\/wp-json\/wp\/v2\/pages"}],"about":[{"href":"https:\/\/www.gavahabitatge.cat\/es\/wp-json\/wp\/v2\/types\/page"}],"author":[{"embeddable":true,"href":"https:\/\/www.gavahabitatge.cat\/es\/wp-json\/wp\/v2\/users\/1"}],"replies":[{"embeddable":true,"href":"https:\/\/www.gavahabitatge.cat\/es\/wp-json\/wp\/v2\/comments?post=929"}],"version-history":[{"count":2,"href":"https:\/\/www.gavahabitatge.cat\/es\/wp-json\/wp\/v2\/pages\/929\/revisions"}],"predecessor-version":[{"id":1662,"href":"https:\/\/www.gavahabitatge.cat\/es\/wp-json\/wp\/v2\/pages\/929\/revisions\/1662"}],"up":[{"embeddable":true,"href":"https:\/\/www.gavahabitatge.cat\/es\/wp-json\/wp\/v2\/pages\/886"}],"wp:featuredmedia":[{"embeddable":true,"href":"https:\/\/www.gavahabitatge.cat\/es\/wp-json\/wp\/v2\/media\/1566"}],"wp:attachment":[{"href":"https:\/\/www.gavahabitatge.cat\/es\/wp-json\/wp\/v2\/media?parent=929"}],"curies":[{"name":"wp","href":"https:\/\/api.w.org\/{rel}","templated":true}]}}

Promoción de viviendas

<h2>Servicio Municipal de Vivienda</h2>
<p>Ampliación de vivienda asequible y social en Gavà, impulsada por el Instituto Metropolitano de Promoción de Suelo y Gestión Patrimonial (IMPSOL). Se quiere priorizar a las personas residentes de Gavà, que han tenido que establecerse fuera del municipio y quieren volver, o bien que trabajan en una empresa de Gavà.</p>
<p>&nbsp;</p>
<h2>Promoción de viviendas sociales Sector B2</h2>
<p>En breve, se realizará el sorteo de las viviendas de alquiler para optar a una de las viviendas de la segunda promoción pública del barrio de Can Ribes.Esta promoción constará de 136 viviendas, 73 serán de venta y 63 de alquiler, con tipologías de viviendas de 3, 2 y 1 dormitorios. La nueva promoción de viviendas protegidas de Can Ribes de Gavà se está construyendo en torno a un gran espacio verde interior permeable que fomenta la continuidad biológica y lúdica entre la sierra de Les Ferreres y el Parque Agrario del Baix Llobregat y preserva el patrimonio natural y paisajístico.</p>
<p>&nbsp;</p>
<p><img decoding="async" class="lazyload alignnone size-full wp-image-925" src="https://www.gavahabitatge.cat/wp-content/uploads/2025/01/ribes-1-b.jpg" data-orig-src="https://www.gavahabitatge.cat/wp-content/uploads/2025/01/ribes-1-b.jpg" alt="" width="800" height="533" srcset="data:image/svg+xml,%3Csvg%20xmlns%3D%27http%3A%2F%2Fwww.w3.org%2F2000%2Fsvg%27%20width%3D%27800%27%20height%3D%27533%27%20viewBox%3D%270%200%20800%20533%27%3E%3Crect%20width%3D%27800%27%20height%3D%27533%27%20fill-opacity%3D%220%22%2F%3E%3C%2Fsvg%3E" data-srcset="https://www.gavahabitatge.cat/wp-content/uploads/2025/01/ribes-1-b-200x133.jpg 200w, https://www.gavahabitatge.cat/wp-content/uploads/2025/01/ribes-1-b-300x200.jpg 300w, https://www.gavahabitatge.cat/wp-content/uploads/2025/01/ribes-1-b-400x267.jpg 400w, https://www.gavahabitatge.cat/wp-content/uploads/2025/01/ribes-1-b-600x400.jpg 600w, https://www.gavahabitatge.cat/wp-content/uploads/2025/01/ribes-1-b-768x512.jpg 768w, https://www.gavahabitatge.cat/wp-content/uploads/2025/01/ribes-1-b.jpg 800w" data-sizes="auto" data-orig-sizes="(max-width: 800px) 100vw, 800px" /></p>
<p>&nbsp;</p>
<p>Las viviendas se distribuyen en cinco plantas: 64 de tres dormitorios, 64 de dos dormitorios y 8 de un dormitorio. La planta baja se destina a viviendas y local comercial de 840 m2 útiles. La promoción incorpora estrategias ambientales innovadoras que le permiten tener una calificación energética A en emisiones. Entre estas estrategias destaca la reducción de la demanda de energía en las viviendas (incrementando los aislamientos y favoreciendo la ventilación cruzada), el uso de instalaciones de alta eficiencia energética (con aerotermia) para la calefacción mediante suelo radiante y producción de agua caliente, la recogida de aguas de lluvia para el riego o el aprovechamiento de la inercia propia del tipo constructivo.</p>
<p>También se ha reducido la excavación y el impacto natural con un único sótano que no sobresale de la proyección del edificio y que acoge las 136 plazas de aparcamiento que requiere la normativa, y con la incorporación de productos con garantía de calidad ambiental, tales como la madera.</p>
<p>El procedimiento para optar a una de las viviendas varía en función de si es de compra o alquiler, pero en ambos casos es indispensable estar inscrito en el <a href="https://www.registresolicitants.cat/registre/" target="_blank" rel="noopener">Registro de Solicitantes de Vivienda con Protección Oficial de la Generalitat</a> con resolución positiva y vigente.</p>
<p>&nbsp;</p>
<h3>Viviendas de compra</h3>
<p>Quien quiera optar a una vivienda de compra debe haber presentado su solicitud y documentación requerida dentro del plazo que finalizó el día 30 de mayo de 2022.Para consultar más información y documentos relacionados puede acceder a la web: <a href="https://www.amb.cat/es/web/habitatge/impsol/cercador/-/habitatge/ufYg9gOTMSO6/detall/150" target="_blank" rel="noopener">B2 &#8211; CAN RIBES &#8211; VENTA</a></p>
<p>Precio de vivienda de tipología de compra: <a href="https://www.gavahabitatge.cat/wp-content/uploads/2025/06/IMPSOL_compra-edit.pdf">Precio vivienda de compra.</a></p>
<p>&nbsp;</p>
<h3>Viviendas de alquiler</h3>
<p>Las personas que hayan escogido la modalidad de alquiler han accedido directamente al sorteo sin haber presentado ninguna solicitud. Sí que es indispensable estar inscrito en el Registro de Solicitantes de Vivienda con Protección Oficial de la Generalitat con resolución positiva y vigente.</p>
<p>Para consultar más información y documentos relacionados puede acceder a la web: <a href="https://www.amb.cat/web/habitatge/impsol/cercador/-/habitatge/ufYg9gOTMSO6/detall/177" target="_blank" rel="noopener">B2 &#8211; CAN RIBES &#8211; ALQUILER</a></p>
<p>Precio de vivienda de tipología de alquiler: <a href="https://www.gavaciutat.cat/documents/20142/497205/IMPSOL_lloguer.pdf/20b301ce-1a11-af04-725f-801881ff39df" target="_blank" rel="noopener">Precios viviendas de alquiler</a></p>
<p>Ya se puede consultar el listado definitivo de admitidos como solicitantes para viviendas en modalidad de alquiler en el siguiente documento, así como el número de sorteo asignado a cada uno: <a href="https://cercadorhabitatges.amb.cat/Arxius/Documents/Promocio/177/4c33976e-a467-4abc-a643-ab9f33a7a608.pdf" target="_blank" rel="noopener">Llistat definitiu de sol·licitants admesos lloguer can ribes B2</a>.</p>
<p>&nbsp;</p>
<p>Ya se puede consultar el <strong>resultado del sorteo</strong> celebrado el día <strong>19 de julio de 2022</strong> que establece el <strong>orden de elección</strong> para la adjudicación de las viviendas en venta y alquiler del Sector B2 Can Ribes:</p>
<ul>
<li><a href="https://cercadorhabitatges.amb.cat/Arxius/Documents/Promocio/150/c792fbb7-df02-45e8-aede-1423d105e5ee.pdf" target="_blank" rel="noopener">Resultado sorteo B2 &#8211; Venta</a></li>
<li><a href="https://cercadorhabitatges.amb.cat/Arxius/Documents/Promocio/177/18aba7d2-ee83-4609-811e-36664b6cc80c.pdf" target="_blank" rel="noopener">Resultado sorteo B2 &#8211; Alquiler</a></li>
</ul>

<p>Servicio Municipal de Vivienda Ampliación de vivienda asequible y social <a href="https://www.gavahabitatge.cat/es/vivienda-en-gava/promocion-de-viviendas/"></p>
<div id="ves-hi">Llegir més</div>
<p></a></p>
