{"id":1055,"date":"2024-04-02T11:35:52","date_gmt":"2024-04-02T09:35:52","guid":{"rendered":"https:\/\/www.gavahabitatge.cat\/?page_id=1055"},"modified":"2026-04-13T19:36:23","modified_gmt":"2026-04-13T17:36:23","slug":"alquiler-y-ayudas","status":"publish","type":"page","link":"https:\/\/www.gavahabitatge.cat\/es\/alquiler-y-ayudas\/","title":{"rendered":"Alquiler y ayudas"},"content":{"rendered":"<p>La Oficina Local de Vivienda ofrece el servicio de gesti\u00f3n y seguimiento en las materias relacionadas con la Ley del Derecho a la Vivienda y el Plan para el derecho a la vivienda.<\/p>\n<p>Por un lado, se realiza atenci\u00f3n a la ciudadan\u00eda para informar y apoyar en la gesti\u00f3n sobre el fondo de alquiler social, formado por viviendas de protecci\u00f3n oficial, bolsa de alquiler social y bolsa de mediaci\u00f3n e inclusi\u00f3n. Por otra parte, se informa y acompa\u00f1a a la ciudadan\u00eda en las solicitudes de ayudas relativas a la vivienda.<\/p>\n<p>&nbsp;<\/p>\n<h3>\u00bfA qui\u00e9n va dirigido?<\/h3>\n<p>Est\u00e1 dirigido a propietarios y ocupantes de inmuebles que est\u00e9n interesados en la oferta de viviendas con precios m\u00e1s asequibles, as\u00ed como tambi\u00e9n en las ayudas para hacer frente a los alquileres en casos de ingresos limitados.<\/p>\n<p>&nbsp;<\/p>\n<h3>Fondos de Alquiler Social<\/h3>\n<ul>\n<li><a href=\"https:\/\/www.gavahabitatge.cat\/es\/alquiler-y-ayudas\/alquiler-social\/registro-de-solicitantes-de-viviendas-de-proteccion-oficial\/\">Registro de solicitantes de vivienda de protecci\u00f3n oficial:<\/a> se realiza el servicio de asesoramiento, informaci\u00f3n y gesti\u00f3n para la poblaci\u00f3n que lo solicite, para facilitar el acceso a registro como solicitante de vivienda de protecci\u00f3n oficial. Tambi\u00e9n se tramitan las renovaciones en el registro.<\/li>\n<li><a href=\"https:\/\/www.gavahabitatge.cat\/es\/alquiler-y-ayudas\/alquiler-social\/bolsa-de-alquiler-social\/\">Bolsa de alquiler social:<\/a> se facilita informaci\u00f3n sobre los requisitos y criterios de adjudicaci\u00f3n para los inquilinos interesados, as\u00ed como soporte en el registro de solicitud.<\/li>\n<li><a href=\"https:\/\/www.gavahabitatge.cat\/es\/alquiler-y-ayudas\/alquiler-social\/red-de-mediacion-e-inclusion-a-bolsa-de-alquiler-social\/\">Red de mediaci\u00f3n e inclusi\u00f3n:<\/a> informaci\u00f3n dirigida a propietarios interesados en destinar viviendas en bolsa de alquiler social a un precio m\u00e1s asequible. Tambi\u00e9n se incluyen los propietarios de locales comerciales en desuso.<\/li>\n<\/ul>\n<p>&nbsp;<\/p>\n<h3>Ayudas<\/h3>\n<p>Se ofrece el servicio de gesti\u00f3n y soporte en la tramitaci\u00f3n de ayudas para hacer frente al pago del alquiler de las viviendas o habitaciones.<\/p>\n<ul>\n<li><a href=\"https:\/\/www.gavahabitatge.cat\/es\/alquiler-y-ayudas\/subvenciones\/subvencion-para-el-pago-del-alquiler-y-cesion-de-uso-para-menores-de-36-anos\/\">Subvenci\u00f3n para el pago del alquiler o cesi\u00f3n de uso para menores de 36 a\u00f1os.<\/a><\/li>\n<li><a href=\"https:\/\/www.gavahabitatge.cat\/es\/alquiler-y-ayudas\/subvenciones\/subvencion-para-el-pago-del-alquiler-y-cesion-de-uso-para-personas-entre-36-y-64-anos\/\">Subvenci\u00f3n para el pago del alquiler o cesi\u00f3n de uso para personas entre 36 y 64 a\u00f1os.<\/a><\/li>\n<li><a href=\"https:\/\/www.gavahabitatge.cat\/es\/alquiler-y-ayudas\/subvenciones\/subvencion-para-el-pago-del-alquiler-y-cesion-de-uso-para-mayores-de-65-anos\/\">Subvenci\u00f3n para el pago del alquiler o cesi\u00f3n de uso para personas mayores de 65 a\u00f1os.<\/a><\/li>\n<\/ul>\n<p>&nbsp;<\/p>\n<h3>Prestaciones<\/h3>\n<ul>\n<li><a href=\"https:\/\/www.gavahabitatge.cat\/es\/alquiler-y-ayudas\/prestaciones\/prestacion-para-el-pago-de-la-deuda-de-rentas-de-alquiler\/\">Prestaci\u00f3n para el pago de la deuda de rentas de alquiler<\/a><\/li>\n<li><a href=\"https:\/\/www.gavahabitatge.cat\/es\/alquiler-y-ayudas\/prestaciones\/prestacion-para-el-pago-de-la-deuda-de-rentas-de-alquiler-derivado-del-impacto-economico-y-social-del-covid-19\/\">Prestaci\u00f3n para el pago de la deuda de rentas de alquiler derivada del impacto econ\u00f3mico y social de la Covid-19<\/a><\/li>\n<li><a href=\"https:\/\/www.gavahabitatge.cat\/es\/alquiler-y-ayudas\/prestaciones\/prestacion-para-el-pago-de-la-deuda-de-cuotas-de-amortizacion-hipotecaria\/\">Prestaci\u00f3n para el pago de la deuda de cuotas de amortizaci\u00f3n hipotecaria<\/a><\/li>\n<li><a href=\"https:\/\/www.gavahabitatge.cat\/es\/alquiler-y-ayudas\/prestaciones\/prestacion-para-atender-situaciones-de-perdida-de-la-vivienda\/\">Prestaci\u00f3n para atender situaciones de p\u00e9rdida de la vivienda<\/a><\/li>\n<li><a href=\"https:\/\/www.gavahabitatge.cat\/es\/alquiler-y-ayudas\/prestaciones\/prestacion-complementaria-y-renovacion\/\">Prestaci\u00f3n complementaria y renovaci\u00f3n<\/a><\/li>\n<\/ul>\n<p>&nbsp;<\/p>\n<h3>Servicios<\/h3>\n<ul>\n<li><a href=\"https:\/\/www.gavahabitatge.cat\/es\/alquiler-y-ayudas\/servicios\/servicio-de-intervencion-y-prevencion-de-la-exclusion-residencial-siper\/\">Servicio de intervenci\u00f3n y prevenci\u00f3n de la exclusi\u00f3n residencial (SIPER)<\/a><\/li>\n<li><a href=\"https:\/\/www.gavahabitatge.cat\/es\/alquiler-y-ayudas\/servicios\/servicio-de-orientacion-juridica-de-deuda-hipotecaria\/\">Servicio de orientaci\u00f3n jur\u00eddica de deuda hipotecaria<\/a><\/li>\n<li><a href=\"https:\/\/www.gavahabitatge.cat\/es\/alquiler-y-ayudas\/servicios\/servicio-de-intermediacion-de-deudas-de-la-vivienda-sidh\/\">Servicio de Intermediaci\u00f3n de Deudas de la Vivienda (SIDH)<\/a><\/li>\n<li><a href=\"https:\/\/www.gavahabitatge.cat\/es\/alquiler-y-ayudas\/servicios\/servicio-de-asesoramiento-sobre-la-deuda-hipotecaria-ofideute\/\">Servicio de asesoramiento sobre la deuda hipotecaria (OFIDEUTE)<\/a><\/li>\n<\/ul>\n<p>&nbsp;<\/p>\n<h4>Para obtener m\u00e1s informaci\u00f3n preferiblemente se puede dirigir a la Oficina Local de la Vivienda de Gav\u00e0, mediante el tel\u00e9fono 93 263 96 60 o pidiendo cita previa a trav\u00e9s del siguiente <a href=\"https:\/\/eseu.gava.cat\/sta\/CarpetaPublic\/sta\/CarpetaPublic\/doEvent?APP_CODE=STA&amp;PAGE_CODE=PTS_CITAPREVIA&amp;lang=ES\" target=\"_blank\" rel=\"noopener\">enlace<\/a>.<\/h4>\n","protected":false},"excerpt":{"rendered":"<p>La Oficina Local de Vivienda ofrece el servicio de gesti\u00f3n <a href=\"https:\/\/www.gavahabitatge.cat\/es\/alquiler-y-ayudas\/\"><\/p>\n<div id=\"ves-hi\">Llegir m\u00e9s<\/div>\n<p><\/a><\/p>\n","protected":false},"author":1,"featured_media":1571,"parent":0,"menu_order":0,"comment_status":"closed","ping_status":"closed","template":"100-width.php","meta":{"_acf_changed":false,"footnotes":""},"class_list":["post-1055","page","type-page","status-publish","has-post-thumbnail","hentry"],"acf":[],"_links":{"self":[{"href":"https:\/\/www.gavahabitatge.cat\/es\/wp-json\/wp\/v2\/pages\/1055","targetHints":{"allow":["GET"]}}],"collection":[{"href":"https:\/\/www.gavahabitatge.cat\/es\/wp-json\/wp\/v2\/pages"}],"about":[{"href":"https:\/\/www.gavahabitatge.cat\/es\/wp-json\/wp\/v2\/types\/page"}],"author":[{"embeddable":true,"href":"https:\/\/www.gavahabitatge.cat\/es\/wp-json\/wp\/v2\/users\/1"}],"replies":[{"embeddable":true,"href":"https:\/\/www.gavahabitatge.cat\/es\/wp-json\/wp\/v2\/comments?post=1055"}],"version-history":[{"count":2,"href":"https:\/\/www.gavahabitatge.cat\/es\/wp-json\/wp\/v2\/pages\/1055\/revisions"}],"predecessor-version":[{"id":1865,"href":"https:\/\/www.gavahabitatge.cat\/es\/wp-json\/wp\/v2\/pages\/1055\/revisions\/1865"}],"wp:featuredmedia":[{"embeddable":true,"href":"https:\/\/www.gavahabitatge.cat\/es\/wp-json\/wp\/v2\/media\/1571"}],"wp:attachment":[{"href":"https:\/\/www.gavahabitatge.cat\/es\/wp-json\/wp\/v2\/media?parent=1055"}],"curies":[{"name":"wp","href":"https:\/\/api.w.org\/{rel}","templated":true}]}}

<p>La Oficina Local de Vivienda ofrece el servicio de gestión y seguimiento en las materias relacionadas con la Ley del Derecho a la Vivienda y el Plan para el derecho a la vivienda.</p>
<p>Por un lado, se realiza atención a la ciudadanía para informar y apoyar en la gestión sobre el fondo de alquiler social, formado por viviendas de protección oficial, bolsa de alquiler social y bolsa de mediación e inclusión. Por otra parte, se informa y acompaña a la ciudadanía en las solicitudes de ayudas relativas a la vivienda.</p>
<p>&nbsp;</p>
<h3>¿A quién va dirigido?</h3>
<p>Está dirigido a propietarios y ocupantes de inmuebles que estén interesados en la oferta de viviendas con precios más asequibles, así como también en las ayudas para hacer frente a los alquileres en casos de ingresos limitados.</p>
<p>&nbsp;</p>
<h3>Fondos de Alquiler Social</h3>
<ul>
<li><a href="https://www.gavahabitatge.cat/es/alquiler-y-ayudas/alquiler-social/registro-de-solicitantes-de-viviendas-de-proteccion-oficial/">Registro de solicitantes de vivienda de protección oficial:</a> se realiza el servicio de asesoramiento, información y gestión para la población que lo solicite, para facilitar el acceso a registro como solicitante de vivienda de protección oficial. También se tramitan las renovaciones en el registro.</li>
<li><a href="https://www.gavahabitatge.cat/es/alquiler-y-ayudas/alquiler-social/bolsa-de-alquiler-social/">Bolsa de alquiler social:</a> se facilita información sobre los requisitos y criterios de adjudicación para los inquilinos interesados, así como soporte en el registro de solicitud.</li>
<li><a href="https://www.gavahabitatge.cat/es/alquiler-y-ayudas/alquiler-social/red-de-mediacion-e-inclusion-a-bolsa-de-alquiler-social/">Red de mediación e inclusión:</a> información dirigida a propietarios interesados en destinar viviendas en bolsa de alquiler social a un precio más asequible. También se incluyen los propietarios de locales comerciales en desuso.</li>
</ul>
<p>&nbsp;</p>
<h3>Ayudas</h3>
<p>Se ofrece el servicio de gestión y soporte en la tramitación de ayudas para hacer frente al pago del alquiler de las viviendas o habitaciones.</p>
<ul>
<li><a href="https://www.gavahabitatge.cat/es/alquiler-y-ayudas/subvenciones/subvencion-para-el-pago-del-alquiler-y-cesion-de-uso-para-menores-de-36-anos/">Subvención para el pago del alquiler o cesión de uso para menores de 36 años.</a></li>
<li><a href="https://www.gavahabitatge.cat/es/alquiler-y-ayudas/subvenciones/subvencion-para-el-pago-del-alquiler-y-cesion-de-uso-para-personas-entre-36-y-64-anos/">Subvención para el pago del alquiler o cesión de uso para personas entre 36 y 64 años.</a></li>
<li><a href="https://www.gavahabitatge.cat/es/alquiler-y-ayudas/subvenciones/subvencion-para-el-pago-del-alquiler-y-cesion-de-uso-para-mayores-de-65-anos/">Subvención para el pago del alquiler o cesión de uso para personas mayores de 65 años.</a></li>
</ul>
<p>&nbsp;</p>
<h3>Prestaciones</h3>
<ul>
<li><a href="https://www.gavahabitatge.cat/es/alquiler-y-ayudas/prestaciones/prestacion-para-el-pago-de-la-deuda-de-rentas-de-alquiler/">Prestación para el pago de la deuda de rentas de alquiler</a></li>
<li><a href="https://www.gavahabitatge.cat/es/alquiler-y-ayudas/prestaciones/prestacion-para-el-pago-de-la-deuda-de-rentas-de-alquiler-derivado-del-impacto-economico-y-social-del-covid-19/">Prestación para el pago de la deuda de rentas de alquiler derivada del impacto económico y social de la Covid-19</a></li>
<li><a href="https://www.gavahabitatge.cat/es/alquiler-y-ayudas/prestaciones/prestacion-para-el-pago-de-la-deuda-de-cuotas-de-amortizacion-hipotecaria/">Prestación para el pago de la deuda de cuotas de amortización hipotecaria</a></li>
<li><a href="https://www.gavahabitatge.cat/es/alquiler-y-ayudas/prestaciones/prestacion-para-atender-situaciones-de-perdida-de-la-vivienda/">Prestación para atender situaciones de pérdida de la vivienda</a></li>
<li><a href="https://www.gavahabitatge.cat/es/alquiler-y-ayudas/prestaciones/prestacion-complementaria-y-renovacion/">Prestación complementaria y renovación</a></li>
</ul>
<p>&nbsp;</p>
<h3>Servicios</h3>
<ul>
<li><a href="https://www.gavahabitatge.cat/es/alquiler-y-ayudas/servicios/servicio-de-intervencion-y-prevencion-de-la-exclusion-residencial-siper/">Servicio de intervención y prevención de la exclusión residencial (SIPER)</a></li>
<li><a href="https://www.gavahabitatge.cat/es/alquiler-y-ayudas/servicios/servicio-de-orientacion-juridica-de-deuda-hipotecaria/">Servicio de orientación jurídica de deuda hipotecaria</a></li>
<li><a href="https://www.gavahabitatge.cat/es/alquiler-y-ayudas/servicios/servicio-de-intermediacion-de-deudas-de-la-vivienda-sidh/">Servicio de Intermediación de Deudas de la Vivienda (SIDH)</a></li>
<li><a href="https://www.gavahabitatge.cat/es/alquiler-y-ayudas/servicios/servicio-de-asesoramiento-sobre-la-deuda-hipotecaria-ofideute/">Servicio de asesoramiento sobre la deuda hipotecaria (OFIDEUTE)</a></li>
</ul>
<p>&nbsp;</p>
<h4>Para obtener más información preferiblemente se puede dirigir a la Oficina Local de la Vivienda de Gavà, mediante el teléfono 93 263 96 60 o pidiendo cita previa a través del siguiente <a href="https://eseu.gava.cat/sta/CarpetaPublic/sta/CarpetaPublic/doEvent?APP_CODE=STA&amp;PAGE_CODE=PTS_CITAPREVIA&amp;lang=ES" target="_blank" rel="noopener">enlace</a>.</h4>

<p>La Oficina Local de Vivienda ofrece el servicio de gestión <a href="https://www.gavahabitatge.cat/es/alquiler-y-ayudas/"></p>
<div id="ves-hi">Llegir més</div>
<p></a></p>
